73. Let h = f + -26. Calculate the highest common divisor of 255 and h.
15
Suppose 58 + 14 = 3*m. Suppose 2*g + m = 5*v, 2*g + 1 = 4*v - 17. Let s be (0 - (-39 - 0))*v/18. What is the highest common factor of s and 13?
13
Suppose 4*b = b + 3. Suppose 15*r - z = 16*r - 11, 3*r + 4*z - 28 = 0. Let f = r - b. Calculate the highest common factor of 165 and f.
15
Let c be 1806/(-6)*(-47)/329. What is the highest common factor of 11782 and c?
43
Let n = -5034 - -6889. What is the greatest common factor of 35 and n?
35
Let l(d) be the first derivative of 4*d**2 - 6*d - 30. Let k be l(12). What is the highest common factor of k and 36?
18
Let s(k) = 3*k**2 - 12*k - 36. Let q = -98 + 94. Let a be s(q). What is the greatest common factor of 90 and a?
30
Let z = -5858 - -7613. Calculate the greatest common divisor of z and 3.
3
Let k be ((-19)/(-1))/((-6)/(-18)). Let z = k + -47. Let g be (-67 - (-2 - 0))*(-4)/z. What is the greatest common divisor of g and 26?
26
Let j(i) = 141*i - 1200. Let l be j(9). What is the highest common factor of 27393 and l?
69
Let z(c) = -4*c**2 - 10*c + 508. Let l be z(8). Calculate the highest common factor of l and 8342.
86
Let m = 904 - 894. Calculate the greatest common divisor of m and 64.
2
Let d be (38750/(-12))/(-5) - 26/(-156). Let x = -598 + d. What is the greatest common factor of x and 16?
16
Let s be ((-25612)/(-8))/((-185)/(-30) - 6). What is the greatest common factor of s and 57?
57
Let j(z) = -3*z**3 + 9*z**2 - 31*z - 286. Let k be j(-6). Calculate the highest common divisor of 8 and k.
8
Suppose 0 = i + 2*i - 15. Suppose -2*q + 658 = 5*j, -4*j - i*q + 192 = -348. Calculate the greatest common divisor of j and 52.
26
Let b = -415 - -417. Suppose -348 + 36 = -b*u. Calculate the greatest common divisor of 108 and u.
12
Suppose -3*s + 17*m = 12*m - 10, 4*s - 22 = -2*m. Let f be 87 - 20/s - 7. Calculate the greatest common factor of f and 304.
76
Let h(s) = -14*s**3 - s**2 - 3*s - 7. Let b be h(3). Let j be (0 - b) + 4/(-1). What is the highest common divisor of 7 and j?
7
Let l(o) = -12*o - 4. Let k be l(3). Let j = k - -38. Let p(g) = 8*g**2 + 3*g + 1. Let y be p(j). Calculate the highest common factor of 27 and y.
27
Suppose -8 = -i + 4. Suppose -t - 2 = -i. Let w(l) = -14*l - 3. Let f be w(-2). Calculate the greatest common divisor of t and f.
5
Let u be 1996940/12100 - (-2)/(-55). Suppose l + 3*g - 4*g - 59 = 0, 4*l + 2*g = 242. What is the greatest common factor of u and l?
15
Let m(t) = -2*t**2 - 72*t - 65. Let f be m(-33). Suppose 0*r = -3*r + 165. Let g be r/3 - (-4)/6. What is the highest common factor of g and f?
19
Let h(i) = -2*i**3 - 4*i**2 + 1. Let q be h(-3). Let r = 293 + -133. Let m = r - 84. What is the highest common factor of m and q?
19
Suppose 9007 = 28*h + 8951. Suppose 5*f - f = 3*k + 10, -5*k = -4*f + 6. What is the greatest common divisor of k and h?
2
Let d(g) = g**3 + 8*g**2 + 3*g + 8. Let n be d(-7). Let f = -86 + n. Let w = f + 162. What is the highest common divisor of w and 16?
16
Suppose a + 3*t - 7 = 0, a = 24*t - 21*t + 19. What is the highest common factor of a and 14417?
13
Let g(w) be the third derivative of w**4/24 + w**3 - 25*w**2. Let c be g(17). Let s = c + -11. Calculate the greatest common factor of 20 and s.
4
Suppose 0*q + 36 = 9*q. Let t be (q/(12/21))/1 + -3. Suppose -a + 2*o + 3 = -15, -t*a + 5*o + 69 = 0. What is the greatest common divisor of a and 4?
4
Let z(l) = 344*l - 5542. Let o be z(18). What is the greatest common divisor of 845 and o?
65
Let x be (3 + -2)/(((-30)/(-33))/10). Suppose x*c - 336 = 7*c. Calculate the greatest common factor of c and 56.
28
Let z be 2/(-3) - (-64)/6. Let k = 55 - 59. Let r be (-5)/(-3)*(10 + k). Calculate the highest common divisor of z and r.
10
Suppose 2*n = -4*n + 168. Suppose 4*t = 2*t + 8. Suppose -15 - 1 = -t*v. What is the greatest common factor of v and n?
4
Suppose -2*i - i - 90 = 0. Suppose 0 = 5*f + y + 9, 8*f - 3*y + 15 = 9*f. Let t be (-4)/(-4)*i/f. What is the highest common divisor of t and 50?
10
Let s(o) = -o**2 - 18*o - 15. Let z be s(-17). Suppose 0 = -4*j - 4*d + 9 + 27, -z*j + 3*d + 3 = 0. What is the greatest common divisor of 3 and j?
3
Suppose -2783 = 12*p + 1093. Let b = 373 + p. Calculate the greatest common factor of 40 and b.
10
Let r be (9914 - (-1 - (6 - 5))) + 8. What is the greatest common factor of r and 12?
12
Let t = 18141 + -15613. Calculate the greatest common divisor of 96 and t.
32
Let m(r) = r**3 - 14*r**2 + 13*r + 16. Suppose -7 + 12 = -5*y. Let d be y/(12/9)*4 - -16. Let g be m(d). Calculate the highest common divisor of g and 40.
8
Let n(r) = 86*r + 4. Let y(b) = -b + 11. Let l be y(5). Suppose 10*g = l*g + 8. Let p be n(g). Calculate the highest common factor of p and 22.
22
Let g(t) = -282*t + 1170. Let x be g(4). Let v(o) = 21*o**2. Let m be v(1). Calculate the highest common divisor of m and x.
21
Let w be (-6)/21 - 130/(-14). Suppose -a - w = -2*a. Suppose 2*j - 3*r = -4 + 7, r = -j + a. What is the highest common divisor of j and 30?
6
Suppose 2*o = 0, -4*j = -5*o + 4 - 20. Suppose 3*q = 4*r + 28 - 2, -j*r = -4*q + 40. Calculate the greatest common divisor of q and 77.
7
Let v(n) = n**3 + 18*n**2 + 4*n + 10. Let d be v(-18). Let z = d + 86. Let c = -3 - -11. Calculate the highest common factor of c and z.
8
Suppose i = 4*j - 144, -17*j + 19*j + 5*i - 50 = 0. Let y = -32 - -137. What is the greatest common divisor of y and j?
35
Let y(l) = -22*l + 103. Let w be y(4). Suppose -4*q + 3*q = 3*b - 114, -2*b - 244 = -2*q. What is the highest common factor of w and q?
15
Let r be (-98)/(-6)*(15 + (30 - 25) - (4 + -26)). Let p be (-2)/(4/(-2))*14. What is the highest common factor of p and r?
14
Let h = -99524 + 99560. Suppose 3*s - 1196 = -170. Calculate the highest common divisor of s and h.
18
Let a(q) = 2*q + 53. Let o be 3*((-8)/3 - -2) - 2. Let r be a(o). Let c = -8 + 13. Calculate the greatest common factor of c and r.
5
Let f = 57 - 50. Let j be 3/(((-18)/4)/(-3)). Suppose -41 = -j*i + f. Calculate the greatest common factor of i and 192.
24
Suppose -561 = -a + 81*c - 84*c, 5*a - 2777 = -c. Calculate the greatest common divisor of a and 5.
5
Let w be ((-3)/(0 + -15))/(72/6120). Calculate the greatest common factor of w and 493.
17
Let q(z) = z**2 + 7*z - 18. Suppose 20 = 4*w, 4*w = 3*o + 12 + 41. Let l be q(o). Calculate the highest common factor of l and 39.
13
Let g = -1048 + 2069. Suppose -g - 6179 = -25*s. Let h = 45 - 13. What is the highest common divisor of s and h?
32
Suppose 1250 = 3*t - 2*z, 1069*t - z = 1073*t - 1663. What is the highest common factor of 336 and t?
16
Let s(g) = -178*g - 398. Let w be s(-6). What is the greatest common divisor of 10 and w?
10
Let l be (4/(-10))/(37/740). Let o be (-5 + (-9 + 3 - 1))*l. What is the highest common divisor of 144 and o?
48
Let c(p) = -20*p + 100. Let o be c(4). Let t = -29 + 33. Calculate the highest common factor of t and o.
4
Suppose 232 = 5*n - 3*p, -5896*p + 95 = 2*n - 5895*p. Let j = 116 - -401. What is the greatest common divisor of j and n?
47
Let v be (2 - 1120/(-50))/((-2)/(-130)). Calculate the highest common factor of v and 650.
26
Let s be 126/26 + ((-185)/65 - -3). Suppose 5*h + 20 = 9*h, -h + 1620 = s*n. Calculate the highest common divisor of 19 and n.
19
Let o = -1625 - -1715. What is the highest common factor of 774 and o?
18
Let f be 45/120*-8 - -1212. Calculate the greatest common factor of f and 930.
93
Let g be (-141)/4*((2 - -3) + -1). Let j be g/235 + 1106/10. What is the highest common factor of j and 88?
22
Let r = 968 - -68. What is the greatest common divisor of 37 and r?
37
Suppose 0 = -10*r - 4*r + 5820 - 80. Calculate the greatest common factor of 123 and r.
41
Let b = 14618 + -9866. What is the highest common factor of b and 44?
44
Let m be 2354/19 + (30 - (14336/266 - 24)). Let y = -8 + 20. What is the greatest common factor of m and y?
4
Let l(o) = o**3 - o**2 - 12*o + 20. Let g be l(10). What is the highest common divisor of g and 256?
32
Let k(u) = -27*u - 290. Let t be k(-32). What is the greatest common divisor of t and 1312?
82
Let t = -2872 - -2879. What is the highest common factor of 7385 and t?
7
Suppose 2*d + 2*g = -8, -2*d + g = -5*d. Let i(s) = -s**2 - 5*s + 2. Let u be 